 = a. List the prime factors of l.
107
Let f(s) = 4*s**2 - 4*s + 2. Let y(k) = -k**2 - k + 3. Let b be y(0). What are the prime factors of f(b)?
2, 13
Suppose -88 = -2*b + 4*f, 28 = -3*b - f + 188. What are the prime factors of b?
2, 13
Let s(r) be the first derivative of -r**2 - r - 1. What are the prime factors of s(-8)?
3, 5
Suppose -3*j - 4*r = -0*r, r = 4*j. Suppose j = -a - s + 5, -3*s - 15 = -6. Let q = a - -5. List the prime factors of q.
13
Let k = 2 - 1. Let z(x) = 10*x**3 + 2*x**2 + 5*x + 4. Let p(u) = -u**2 - u - 1. Let d(b) = 4*p(b) + z(b). What are the prime factors of d(k)?
3
What are the prime factors of (0 + 8/10)*(-1085)/(-14)?
2, 31
Let d(c) = -9*c**3 - 12*c**2 + 5*c - 41. Let n(o) = 5*o**3 + 6*o**2 - 2*o + 21. Let i(j) = 6*d(j) + 11*n(j). List the prime factors of i(6).
3, 11
Suppose 0 = g - 5*g + 48. Suppose p - 5 = g. What are the prime factors of p?
17
Let w(f) = f**2 - 5*f + 3. Let a be w(5). What are the prime factors of a/(3/(-8)*-1)?
2
Let y(d) = d**3 - 4*d**2 - 7*d + 1. Let l be y(5). Let j = l + 59. What are the prime factors of j?
2, 5
Let m(z) = 59*z + 9. What are the prime factors of m(2)?
127
Let i = 224 - 396. Let n = 286 + i. What are the prime factors of n/10 - 6/15?
11
Let p be 32/(-56) + 314/(-14). Let q = -43 + 75. Let v = q + p. What are the prime factors of v?
3
Suppose 28 = h - 4*u, 0 = 5*h + 3*u - 5*u - 68. Let r = -5 + h. List the prime factors of r.
7
Let r(m) = m**3 - m**2 - 4*m + 2. Suppose -2*k - 4*o + 24 - 2 = 0, -5*o + 26 = 2*k. Suppose -z + 12 = k*z. What are the prime factors of r(z)?
2
Let a = 13 - 9. Suppose -44 = -a*z - 4*d + 64, -4*d + 42 = z. What are the prime factors of z?
2, 11
Suppose -2*k = -s + 16 + 1, 0 = -4*s + k + 96. What are the prime factors of s?
5
Let y be 24/(-15) + 6/(-15). What are the prime factors of (y/3)/(8/(-168))?
2, 7
What are the prime factors of (-4 + (-18)/(-4))*20?
2, 5
Let j be 2/(-3)*(-63)/(-7). Let o(p) = 35*p - 8. Let h(u) = -12*u + 3. Let v(s) = j*o(s) - 17*h(s). What are the prime factors of v(-2)?
3
Suppose k - 2 + 0 = 2*r, -7 = k - 5*r. Suppose -22 = 6*m - 8*m. Suppose q = k + m. What are the prime factors of q?
19
List the prime factors of ((-2)/(-3))/((-16)/(-456)).
19
Let v = 0 - -3. List the prime factors of v.
3
Let d = -232 + 395. What are the prime factors of d?
163
Let s = 50 + 13. List the prime factors of s.
3, 7
Suppose 0 = 5*u + 3*m - 12, -u + 4*m - 12 - 4 = 0. Suppose 0*g + 5*g - 140 = u. Let c = g + -14. List the prime factors of c.
2, 7
Suppose 5*k - 164 = -4*m, -4*k - 57 + 1 = -2*m. What are the prime factors of m?
2, 3
Let a = 5 + -14. Let d = -7 - a. Suppose -d*o + 12 = -2*s, -3*o + 5*s + 9 + 11 = 0. List the prime factors of o.
5
Suppose 2*h + 275 = 5*a, 2*a - 6*a - 4*h = -220. List the prime factors of a.
5, 11
Let u = -28 + 67. What are the prime factors of u?
3, 13
Suppose 3*v + v - q = 68, 3*q = 4*v - 60. Suppose 54 = 3*k - v. What are the prime factors of k?
2, 3
Let l be 1*6/(-3) + -1. Let f be (l*2)/(3/(-2)). Suppose 16 = -f*w, -2*u = -3*u - 3*w - 2. What are the prime factors of u?
2, 5
List the prime factors of ((-112)/42)/((-2)/15).
2, 5
Suppose -t - 7 = -2*r, t + 3*r = -0*r + 3. Let j be (t - -3)/(2 - 0). Suppose 4*c + j*c = 44. What are the prime factors of c?
11
List the prime factors of ((-20)/25)/((-2)/95).
2, 19
Let m(x) = -x**2 - x + 35. Let z be m(0). Let c = z - 17. List the prime factors of c.
2, 3
Let o(x) = x**3 + x**2 - x. Let k be o(0). Suppose k = -2*b - b + 18. List the prime factors of b.
2, 3
Suppose 11*r - 3*r - 672 = 0. What are the prime factors of r?
2, 3, 7
Let f be (4/(-6))/((-2)/15). Suppose 0 = 3*i - f*i + 38. List the prime factors of i.
19
Let x(d) be the first derivative of -d**3/3 - 11*d**2/2 - 13*d + 2. List the prime factors of x(-9).
5
Suppose 4545 = 35*i - 20*i. List the prime factors of i.
3, 101
Let d = -13 - -55. List the prime factors of d.
2, 3, 7
Let v = 35 - 26. List the prime factors of v.
3
List the prime factors of (-150)/20*20/(-6).
5
Let f = 5 + -1. Suppose 0 = -5*y + y - f*i - 120, 2*i = 4*y + 102. What are the prime factors of (-6)/y + 25/9?
3
Let b = 33 + -23. Suppose -3*z = 2*z - b. Suppose z*t + 19 = 3*w + 6*t, -w + 9 = 4*t. What are the prime factors of w?
5
Suppose 2*z - 2*f + 4 = 2*f, -2 = 2*z - 2*f. Suppose -5*v + 41 = 2*g - 18, z = -2*g - 2*v + 44. What are the prime factors of g?
17
Suppose 0 = -0*b - 3*b + 3. Let m = 0 - b. What are the prime factors of -3*m/3 - -4?
5
Let m(w) = 2*w**3 + 19*w**2 + 3*w + 12. What are the prime factors of m(-9)?
2, 3, 11
Let i be 0 + -1 - (-1 + 5). Let g(n) = n**3 + 6*n**2 + 5*n + 4. List the prime factors of g(i).
2
Let l be (6 + -3 - -7) + 1. Let p = l - 6. List the prime factors of p.
5
Suppose -4*i - 7 = -23. List the prime factors of 50/4 - 2/i.
2, 3
Suppose 90 = -3*q - 5*a + 374, 20 = 5*a. Let x = q + -59. What are the prime factors of x?
29
Suppose 2*z = -z + 279. What are the prime factors of z?
3, 31
Let p = 38 - 26. What are the prime factors of p?
2, 3
Let s = -3 + 6. Let j be s + (2 - 1) - 1. Suppose 4*q = -j*w + 29, -12 - 2 = -2*q - 2*w. List the prime factors of q.
2
Let m be 4/2 + 4/1. Let p(n) = 8*n + 6. What are the prime factors of p(m)?
2, 3
Suppose 8 = 2*x - 36. List the prime factors of x.
2, 11
What are the prime factors of (3 - 2)/1 + 6?
7
Suppose -u = 5*u - 108. List the prime factors of u.
2, 3
Suppose 0 = 4*h - i - 135, -2*h - 21 + 88 = -i. What are the prime factors of h?
2, 17
Let h(c) = c**3 + 3*c**2 - 8*c. What are the prime factors of h(-4)?
2
Suppose 5*q = 8 + 12. Suppose -3*x + 4*g + 25 + 21 = 0, q*x - 28 = -3*g. List the prime factors of x.
2, 5
Suppose -3*j = 4*u + 15, -17 = 5*j + 3*u + 8. Let b(a) = 2*a**2 + 2*a + 1. Let n be b(j). Suppose n = 5*r + 11. What are the prime factors of r?
2, 3
Let g(r) = -r**3 + 10*r**2 + 14*r - 5. List the prime factors of g(10).
3, 5
Let d = 122 - 61. What are the prime factors of d?
61
Let t(x) = x**2 - 9*x + 10. Let o be t(8). Suppose 2*i - i = o*s + 2, -2*i = -s - 4. Suppose -2*n = -s*n - 18. List the prime factors of n.
3
Let n(o) = 5*o**2 + 9*o + 8. Let g(r) = -r**2 + r - 1. Let y(a) = -4*g(a) - n(a). What are the prime factors of y(-9)?
2
Let j be 21 - 0 - (3 - 5). Let f = 40 - j. What are the prime factors of f?
17
Suppose 5*r + 28 = -4*k + 8*k, 2*k = -r. Suppose 3*l - 159 = -0*l. Suppose -2*n + 2*f + 34 = 0, 5*f - l = -5*n + k*f. List the prime factors of n.
13
Let y(x) = x**3 + 4*x**2 - x + 3. Suppose 0*n + n = -4*g, -4*g + 36 = 4*n. Suppose -3*b + 0*b = n. What are the prime factors of y(b)?
7
Let a(s) = -3*s + 3. Let c be a(2). List the prime factors of (-8)/(-3) - c/9.
3
Suppose 58 - 151 = -3*t. Suppose -3*y + 2 = -t. List the prime factors of y.
11
Let l = 23 + -9. Suppose -3*r - l = -0*r + 5*c, -6 = 5*r + 4*c. Suppose -r*j = -k - 0*k - 15, 0 = -5*j + 2*k + 40. What are the prime factors of j?
2, 5
Suppose -28 = -4*b + d + 4*d, 0 = -2*b - 5*d + 14. Suppose 5*j + 5*w - 20 = -0*j, 5*j + 8 = 2*w. Suppose j = -2*f + f + b. What are the prime factors of f?
7
Let y be (-2)/(-5)*(-220)/(-4). Suppose 2*n = 5*m - y, -5*m + 16 - 1 = 5*n. Suppose -18 = -2*h - 3*p, m*p + 9 = -7. What are the prime factors of h?
3, 5
Let k(h) = h**3 + 9*h**2 - 2*h - 13. Let z be k(-9). Suppose -z*t + 2*a + 1 = -9, -t - a = 5. Suppose t = -4*c + 22 - 6. List the prime factors of c.
2
Let d(l) = 2*l**3 - 2*l**2 + 2*l - 1. Let p be d(1). Let j = p + 2. Suppose s - j = 15. List the prime factors of s.
2, 3
Suppose -5*l = 17 + 13. Let o(z) = -z**3 - 7*z**2 - 6*z + 6. What are the prime factors of o(l)?
2, 3
Suppose -5*q = -838 - 567. What are the prime factors of q?
281
Let t = -26 + 52. What are the prime factors of t?
2, 13
Suppose 4*n + 14 = t, t + t = 2*n + 4. Let l be t + 1 - -1*1. Suppose 8 + 36 = 4*j - 4*v, 3*j + 3*v - 51 = l. List the prime factors of j.
2, 7
Suppose 0 = -5*d, -4 = -4*v - 4*d - 32. Let u = v - -27. List the prime factors of u.
2, 5
Let h(k) = -k**3 - k**2 - 2*k + 319. What are the prime factors of h(0)?
11, 29
Let u(c) = -20*c. Let b be u(-2). Let l = b - 22. List the prime factors of l.
2, 3
Let h = 100 - 37. What are the prime factors of h?
3, 7
List the prime factors of 0 + (-348)/(16/(-4)).
3, 29
Let t be -3*6/8*-20. Suppose -23 = -2*v + t. What are the pr